{"id":875,"date":"2020-01-29T16:47:55","date_gmt":"2020-01-29T15:47:55","guid":{"rendered":"https:\/\/rzuc.pl\/?post_type=product&#038;p=875"},"modified":"2024-07-22T13:16:08","modified_gmt":"2024-07-22T12:16:08","slug":"karty-lux-w-pudelku-z-ekoskory-2-talie","status":"publish","type":"product","link":"https:\/\/rzuc.pl\/index.php\/produkt\/karty-lux-w-pudelku-z-ekoskory-2-talie\/","title":{"rendered":"Karty lux w pude\u0142ku z ekosk\u00f3ry &#8211; 2 talie"},"content":{"rendered":"<p>Ekskluzywny zestaw kart Piatnika w czarnej szkatu\u0142ce ekosk\u00f3ry, wy\u015bcie\u0142ane czarnym, mi\u0119kkim materia\u0142em.. W komplecie s\u0105 dwie talie najlepszych kart Piatnika, historyczny ju\u017c model Luxury oraz bloczek do zapisu bryd\u017cowego. W ka\u017cdej talii 55 kart. Idealne na prezent, podstawowy zestaw wytrawnego gracza.<\/p>\n","protected":false},"excerpt":{"rendered":"<p>Ekskluzywny zestaw kart Piatnika w czarnej szkatu\u0142ce ekosk\u00f3ry, wy\u015bcie\u0142ane czarnym, mi\u0119kkim materia\u0142em.. W komplecie s\u0105 dwie talie najlepszych kart Piatnika, historyczny ju\u017c model Luxury oraz bloczek do zapisu bryd\u017cowego. W ka\u017cdej talii 55 kart. Idealne na prezent, podstawowy zestaw wytrawnego gracza.<\/p>\n","protected":false},"featured_media":876,"comment_status":"open","ping_status":"closed","template":"","meta":[],"product_cat":[23],"product_tag":[],"class_list":{"0":"post-875","1":"product","2":"type-product","3":"status-publish","4":"has-post-thumbnail","6":"product_cat-karty","7":"product_shipping_class-zestaw","9":"first","10":"instock","11":"shipping-taxable","12":"purchasable","13":"product-type-simple"},"_links":{"self":[{"href":"https:\/\/rzuc.pl\/index.php\/wp-json\/wp\/v2\/product\/875","targetHints":{"allow":["GET"]}}],"collection":[{"href":"https:\/\/rzuc.pl\/index.php\/wp-json\/wp\/v2\/product"}],"about":[{"href":"https:\/\/rzuc.pl\/index.php\/wp-json\/wp\/v2\/types\/product"}],"replies":[{"embeddable":true,"href":"https:\/\/rzuc.pl\/index.php\/wp-json\/wp\/v2\/comments?post=875"}],"wp:featuredmedia":[{"embeddable":true,"href":"https:\/\/rzuc.pl\/index.php\/wp-json\/wp\/v2\/media\/876"}],"wp:attachment":[{"href":"https:\/\/rzuc.pl\/index.php\/wp-json\/wp\/v2\/media?parent=875"}],"wp:term":[{"taxonomy":"product_cat","embeddable":true,"href":"https:\/\/rzuc.pl\/index.php\/wp-json\/wp\/v2\/product_cat?post=875"},{"taxonomy":"product_tag","embeddable":true,"href":"https:\/\/rzuc.pl\/index.php\/wp-json\/wp\/v2\/product_tag?post=875"}],"curies":[{"name":"wp","href":"https:\/\/api.w.org\/{rel}","templated":true}]}}