{"id":861,"date":"2020-01-29T16:31:17","date_gmt":"2020-01-29T15:31:17","guid":{"rendered":"https:\/\/rzuc.pl\/?post_type=product&#038;p=861"},"modified":"2020-09-03T19:42:12","modified_gmt":"2020-09-03T18:42:12","slug":"kosci-oczkowe-z-tacka-kubkiem-i-bloczkiem-do-zapisu","status":"publish","type":"product","link":"https:\/\/rzuc.pl\/index.php\/produkt\/kosci-oczkowe-z-tacka-kubkiem-i-bloczkiem-do-zapisu\/","title":{"rendered":"Ko\u015bci oczkowe z tack\u0105, kubkiem i bloczkiem do zapisu"},"content":{"rendered":"<p>Zestaw do gry w ko\u015bci sk\u0142adaj\u0105cy si\u0119 z 5 kostek do gry, tacki, kubka, o\u0142\u00f3wka i bloczka do zapisu. Doskona\u0142y na prezent.<\/p>\n","protected":false},"excerpt":{"rendered":"<p>Zestaw do gry w ko\u015bci sk\u0142adaj\u0105cy si\u0119 z 5 kostek do gry, tacki, kubka, o\u0142\u00f3wka i bloczka do zapisu. Doskona\u0142y na prezent.<\/p>\n","protected":false},"featured_media":862,"comment_status":"open","ping_status":"closed","template":"","meta":[],"product_cat":[22],"product_tag":[],"class_list":{"0":"post-861","1":"product","2":"type-product","3":"status-publish","4":"has-post-thumbnail","6":"product_cat-kosci","8":"first","9":"outofstock","10":"shipping-taxable","11":"purchasable","12":"product-type-simple"},"_links":{"self":[{"href":"https:\/\/rzuc.pl\/index.php\/wp-json\/wp\/v2\/product\/861","targetHints":{"allow":["GET"]}}],"collection":[{"href":"https:\/\/rzuc.pl\/index.php\/wp-json\/wp\/v2\/product"}],"about":[{"href":"https:\/\/rzuc.pl\/index.php\/wp-json\/wp\/v2\/types\/product"}],"replies":[{"embeddable":true,"href":"https:\/\/rzuc.pl\/index.php\/wp-json\/wp\/v2\/comments?post=861"}],"wp:featuredmedia":[{"embeddable":true,"href":"https:\/\/rzuc.pl\/index.php\/wp-json\/wp\/v2\/media\/862"}],"wp:attachment":[{"href":"https:\/\/rzuc.pl\/index.php\/wp-json\/wp\/v2\/media?parent=861"}],"wp:term":[{"taxonomy":"product_cat","embeddable":true,"href":"https:\/\/rzuc.pl\/index.php\/wp-json\/wp\/v2\/product_cat?post=861"},{"taxonomy":"product_tag","embeddable":true,"href":"https:\/\/rzuc.pl\/index.php\/wp-json\/wp\/v2\/product_tag?post=861"}],"curies":[{"name":"wp","href":"https:\/\/api.w.org\/{rel}","templated":true}]}}