{"id":24,"date":"2019-12-18T18:34:53","date_gmt":"2019-12-18T17:34:53","guid":{"rendered":"https:\/\/rzuc.pl\/?post_type=product&#038;p=24"},"modified":"2020-09-03T19:42:12","modified_gmt":"2020-09-03T18:42:12","slug":"tik-tak-bum","status":"publish","type":"product","link":"https:\/\/rzuc.pl\/index.php\/produkt\/tik-tak-bum\/","title":{"rendered":"Tik Tak Bum"},"content":{"rendered":"<p>Emocjonuj\u0105ca gra s\u0142owna dla 2-12 graczy, od 12 lat, wielokrotnie nagradzana, wymagaj\u0105ca opanowania i refleksu. Trzeba szybko wymy\u015bli\u0107 odpowiedni wyraz, zawieraj\u0105cy wylosowan\u0105 zbitk\u0119 liter, zanim elektroniczna &#8220;bomba zegarowa&#8221; wybuchnie.<\/p>\n<p>Nie dla boja\u017aliwych! Los ka\u017cdego gracza wisi na w\u0142osku, gdy ta piekielna bomba zaczyna tyka\u0107. Trzeba nie lada opanowania, by w takiej sytuacji znale\u017a\u0107 odpowiedni wyraz i pozby\u0107 si\u0119 bomby, zanim nast\u0105pi wybuch!<\/p>\n","protected":false},"excerpt":{"rendered":"<p>Emocjonuj\u0105ca gra s\u0142owna dla 2-12 graczy, od 12 lat, wielokrotnie nagradzana, wymagaj\u0105ca opanowania i refleksu. Trzeba szybko wymy\u015bli\u0107 odpowiedni wyraz, zawieraj\u0105cy wylosowan\u0105 zbitk\u0119 liter, zanim elektroniczna &#8220;bomba zegarowa&#8221; wybuchnie. Nie dla boja\u017aliwych! Los ka\u017cdego gracza wisi na w\u0142osku, gdy ta piekielna bomba zaczyna tyka\u0107. Trzeba nie lada opanowania, by w takiej sytuacji znale\u017a\u0107 odpowiedni wyraz [&hellip;]<\/p>\n","protected":false},"featured_media":25,"comment_status":"open","ping_status":"closed","template":"","meta":[],"product_cat":[18],"product_tag":[],"class_list":{"0":"post-24","1":"product","2":"type-product","3":"status-publish","4":"has-post-thumbnail","6":"product_cat-gry-rodzinne","8":"first","9":"outofstock","10":"shipping-taxable","11":"purchasable","12":"product-type-simple"},"_links":{"self":[{"href":"https:\/\/rzuc.pl\/index.php\/wp-json\/wp\/v2\/product\/24","targetHints":{"allow":["GET"]}}],"collection":[{"href":"https:\/\/rzuc.pl\/index.php\/wp-json\/wp\/v2\/product"}],"about":[{"href":"https:\/\/rzuc.pl\/index.php\/wp-json\/wp\/v2\/types\/product"}],"replies":[{"embeddable":true,"href":"https:\/\/rzuc.pl\/index.php\/wp-json\/wp\/v2\/comments?post=24"}],"wp:featuredmedia":[{"embeddable":true,"href":"https:\/\/rzuc.pl\/index.php\/wp-json\/wp\/v2\/media\/25"}],"wp:attachment":[{"href":"https:\/\/rzuc.pl\/index.php\/wp-json\/wp\/v2\/media?parent=24"}],"wp:term":[{"taxonomy":"product_cat","embeddable":true,"href":"https:\/\/rzuc.pl\/index.php\/wp-json\/wp\/v2\/product_cat?post=24"},{"taxonomy":"product_tag","embeddable":true,"href":"https:\/\/rzuc.pl\/index.php\/wp-json\/wp\/v2\/product_tag?post=24"}],"curies":[{"name":"wp","href":"https:\/\/api.w.org\/{rel}","templated":true}]}}